 1069
List the prime factors of 33067629.
3, 7, 23, 7607
What are the prime factors of 62143885?
5, 137, 257, 353
What are the prime factors of 48032487?
3, 23, 77347
What are the prime factors of 46786891?
46786891
What are the prime factors of 735790644?
2, 3, 167, 122387
List the prime factors of 1367331367.
7417, 184351
List the prime factors of 628051007.
53, 11850019
What are the prime factors of 2250566103?
3, 15091, 49711
What are the prime factors of 1466778557?
271, 5412467
What are the prime factors of 182481247?
13, 17, 48571
List the prime factors of 142160317.
13, 61, 179269
What are the prime factors of 96584118?
2, 3, 67, 240259
What are the prime factors of 44719170?
2, 3, 5, 1490639
What are the prime factors of 68975174?
2, 34487587
List the prime factors of 2590904610.
2, 3, 5, 7, 47, 29167
What are the prime factors of 856021313?
7, 89, 227, 6053
What are the prime factors of 4978868?
2, 37, 33641
What are the prime factors of 134151996?
2, 3, 11, 1016303
List the prime factors of 254083659.
3, 84694553
What are the prime factors of 40719777?
3, 7, 17, 167, 683
What are the prime factors of 904251748?
2, 89, 2540033
What are the prime factors of 13356301?
7, 1908043
What are the prime factors of 51687333?
3, 43, 133559
List the prime factors of 36850390.
2, 5, 17, 41, 311
What are the prime factors of 137216401?
7, 17, 433, 2663
List the prime factors of 14626399.
491, 29789
What are the prime factors of 6000724521?
3, 11, 1327, 45677
What are the prime factors of 282103719?
3, 94034573
What are the prime factors of 34215272?
2, 7, 13, 43, 1093
What are the prime factors of 154806248?
2, 19350781
List the prime factors of 207538675.
5, 8301547
List the prime factors of 415178984.
2, 11, 853, 5531
List the prime factors of 164419552.
2, 11, 467101
List the prime factors of 2862818664.
2, 3, 151, 789961
What are the prime factors of 188719924?
2, 17, 2775293
List the prime factors of 1761008499.
3, 29, 2249053
What are the prime factors of 97654227?
3, 11, 2959219
What are the prime factors of 126606246?
2, 3, 13, 1623157
List the prime factors of 51930996.
2, 3, 13, 29, 883
List the prime factors of 263105.
5, 101, 521
What are the prime factors of 13190608?
2, 824413
What are the prime factors of 112703555?
5, 22540711
List the prime factors of 81678483.
3, 3025129
What are the prime factors of 163086762?
2, 3, 383, 70969
List the prime factors of 190318437.
3, 151, 46681
What are the prime factors of 227248818?
2, 3, 37874803
List the prime factors of 378993808.
2, 29, 67, 73, 167
What are the prime factors of 303400139?
7, 17, 509, 5009
List the prime factors of 129900776.
2, 16237597
List the prime factors of 40274353.
7, 5753479
What are the prime factors of 278106874?
2, 37, 101573
List the prime factors of 257781134.
2, 13, 9914659
List the prime factors of 2347883896.
2, 293485487
What are the prime factors of 356724914?
2, 7, 13, 907, 2161
List the prime factors of 347259231.
3, 11, 3221
List the prime factors of 461909398.
2, 73, 3163763
What are the prime factors of 410564712?
2, 3, 53, 322771
List the prime factors of 431163679.
15161, 28439
What are the prime factors of 3715175726?
2, 1857587863
What are the prime factors of 36121954?
2, 11, 1641907
List the prime factors of 1118492675.
5, 449, 99643
What are the prime factors of 65265?
3, 5, 19, 229
What are the prime factors of 368900308?
2, 7, 2311, 5701
What are the prime factors of 379813482?
2, 3, 7033583
What are the prime factors of 23255622?
2, 3, 13, 23, 29, 149
List the prime factors of 1432298013.
3, 477432671
List the prime factors of 85469008.
2, 521, 10253
List the prime factors of 42142532.
2, 19, 23, 24109
What are the prime factors of 501150043?
501150043
What are the prime factors of 73059932?
2, 11, 29, 31, 1847
What are the prime factors of 1365259888?
2, 85328743
What are the prime factors of 28065989?
7, 409, 9803
What are the prime factors of 4278958345?
5, 83, 383, 26921
What are the prime factors of 144782556?
2, 3, 107, 112759
What are the prime factors of 2366588586?
2, 3, 19, 20759549
What are the prime factors of 16992864?
2, 3, 7, 8429
List the prime factors of 120581850.
2, 3, 5, 17, 47287
What are the prime factors of 2520867103?
20297, 124199
What are the prime factors of 629221511?
23, 2797, 9781
What are the prime factors of 3365681947?
17, 197981291
List the prime factors of 1212589531.
97, 2179, 5737
List the prime factors of 69718816.
2, 881, 2473
List the prime factors of 23145386.
2, 11, 1052063
What are the prime factors of 1333302687?
3, 16460527
List the prime factors of 814427587.
814427587
List the prime factors of 1434880748.
2, 7, 71, 823, 877
List the prime factors of 105961520.
2, 5, 7, 27031
List the prime factors of 68453984.
2, 1291, 1657
What are the prime factors of 459468249?
3, 1637, 93559
What are the prime factors of 655836354?
2, 3, 79, 461207
What are the prime factors of 819756712?
2, 73, 1403693
List the prime factors of 813027338.
2, 47, 8649227
List the prime factors of 266842421.
17, 15696613
List the prime factors of 27575919.
3, 7, 23, 19031
List the prime factors of 30303231.
3, 7, 17, 29, 2927
List the prime factors of 865875307.
11, 78715937
What are the prime factors of 375854849?
127, 2959487
List the prime factors of 35243394.
2, 3, 5873899
List the prime factors of 8930456.
2, 19, 41, 1433
What are the prime factors of 506509763?
11593, 43691
List the prime factors of 2313477305.
5, 462695461
What are the prime factors of 840432063?
3, 41, 1907, 3583
List the prime factors of 62173610.
2, 5, 59, 105379
What are the prime factors of 94202632?
2, 11775329
List the prime factors of 1334339992.
2, 166792499
List the prime factors of 12898984.
2, 7, 230339
What are the prime factors of 2014725884?
2, 503681471
List the prime factors of 1948769956.
2, 7, 29, 293, 8191
What are the prime factors of 50177251?
17, 31, 95213
List the prime factors of 1276568810.
2, 5, 11, 829, 13999
What are the prime factors of 162517455?
3, 5, 127, 9479
List the prime factors of 457206779.
29, 53, 297467
What are the prime factors of 8232647?
1933, 4259
What are the prime factors of 1321954?
2, 17, 59, 659
List the prime factors of 54579001.
19, 2872579
What are the prime factors of 2254734235?
5, 13, 1879, 18461
What are the prime factors of 300505526?
2, 59, 2546657
What are the prime factors of 1251542037?
3, 417180679
What are the prime factors of 44421275?
5, 37, 48023
List the prime factors of 443914915.
5, 431, 205993
List the prime factors of 1478592394.
2, 269, 2748313
List the prime factors of 1109470561.
109, 10178629
What are the prime factors of 600404278?
2, 263, 1141453
List the prime factors of 3092894111.
23, 134473657
List the prime factors of 164707650.
2, 3, 5, 31, 11807
What are the prime factors of 220314029?
13, 16947233
What are the prime factors of 1155721998?
2, 3, 192620333
What are the prime factors of 119599710?
2, 3, 5, 127, 31391
What are the prime factors of 44445736?
2, 103, 53939
What are the prime factors of 36119310?
2, 3, 5, 223, 5399
List the prime factors of 1377500496.
2, 3, 28697927
List the prime factors of 2824268037.
3, 29, 127, 255613
List the prime factors of 992780752.
2, 199, 311803
What are the prime factors of 183430452?
2, 3, 29, 527099
List the prime factors of 281064616.
2, 7, 709, 7079
List the prime factors of 59847053.
7, 8549579
List the prime factors of 104893919.
13, 73, 107, 1033
List the prime factors of 6367844346.
2, 3, 21487, 49393
List the prime factors of 91816562.
2, 593, 77417
What are the prime factors of 58885110?
2, 3, 5, 17, 12829
List the prime factors of 2138390438.
2, 1069195219
What are the prime factors of 3143005660?
2, 5, 23, 6832621
What are the prime factors of 177712064?
2, 2776751
What are the prime factors of 122121015?
3, 5, 8141401
List the prime factors of 1504764275.
5, 7, 1049, 1171
List the prime factors of 1110164287.
1110164287
What are the prime factors of 49773649?
49773649
List the prime factors of 22401794.
2, 11200897
What are the prime factors of 3557713511?
11, 59, 71, 7019
List the prime factors of 3156695214.
2, 3, 23, 3547, 6449
What are the prime factors of 3520558476?
2, 3, 97793291
What are the prime fac